are the prime factors of j?
2, 3
Let g(b) = 135*b**2 - 10*b + 404. List the prime factors of g(-14).
2, 43, 157
Suppose 2001*w - 1966*w - 2152150 = 0. What are the prime factors of w?
2, 5, 11, 13, 43
Suppose g = -4*r - 24, -r - 72 = 7*g - 4*g. Let c be (9 - 1)*(-12)/g. Suppose -1 = p - 3, 0 = c*o - 4*p - 144. List the prime factors of o.
2, 19
Let f = 2325 - -494. List the prime factors of f.
2819
Let t = 49554 - 32878. List the prime factors of t.
2, 11, 379
Let h = 339 + -336. Suppose -1210 = -3*l + 3*g + 455, 0 = -h*l - g + 1657. What are the prime factors of l?
7, 79
Let g(s) = s**2 - s + 11. Let h be g(0). Let a = h + -1. Suppose -a = -3*z - 4. List the prime factors of z.
2
Let v(k) = 1 - 2*k**2 + 0 + k**2 + 4*k + 1. Let u be v(5). List the prime factors of u + 1 + 5 - -132.
3, 5
Let s(i) = -2*i**3 + 121*i**2 + 69*i + 264. What are the prime factors of s(59)?
2, 3, 821
Let s(k) be the third derivative of -71*k**4/24 + 17*k**3/2 + 15*k**2. List the prime factors of s(-3).
2, 3, 11
Suppose 2*z = o - 23172, 0 = -z + 168 - 166. What are the prime factors of o?
2, 2897
List the prime factors of ((-11)/242*-11)/((-1)/(-1920)).
2, 3, 5
Suppose -30 = -2*w - 4*i + 2*i, -3*i = -4*w + 32. Let o = -9 + w. Suppose 3*r + o*a = 4*r - 91, r + 3*a = 71. What are the prime factors of r?
83
Let t = -289 + 289. Suppose t*c = -18*c + 6390. List the prime factors of c.
5, 71
Suppose 4*a - 2*j = 19440, -3*j + 2881 + 6823 = 2*a. What are the prime factors of a?
2, 7, 347
Let q = 27 + -38. Let x = q + 13. List the prime factors of 2167/22 - x/4.
2, 7
Suppose 5*a + 0*k - 17 = -2*k, -2*a + k = -14. Suppose -5*v - 550 = -5*r, -3*v = -a*r - 4*v + 556. Suppose -16*h + 19*h = r. List the prime factors of h.
37
Let z be -1*(-13 - -3 - -6). Suppose 0 = z*v - 3*q + 4*q - 2833, 2*v - 1413 = 3*q. What are the prime factors of v?
2, 3, 59
Let m(y) = y**3 + 54*y**2 - 351*y - 246. What are the prime factors of m(-46)?
2, 29, 283
Let o be (26 - 46)*10/(-4). Let v be (-90)/o*65/(-1). Suppose 2*n = v + 257. List the prime factors of n.
11, 17
Suppose 5*i = 2*f - 10945, -92*f + 89*f + 4*i + 16414 = 0. What are the prime factors of f?
2, 5, 547
Suppose 4*w - 4 = 4*x + 8, -3 = -w + 3*x. Let t(o) = 3*o**2 - 4*o - 5. List the prime factors of t(w).
2, 5
Suppose 18156 = 4*x + 2*m, -5*x + 20784 + 1905 = 4*m. What are the prime factors of x?
19, 239
Let k(h) = -h**3 - 2*h**2 - h + 2. Let l be k(0). Suppose 226 = -3*r + 2*i, -5*r + l*i = -2*i + 376. What are the prime factors of 24*1*r/(-16)?
2, 3, 19
Let m(k) = -3*k - 2. Let j be 1*7 + 6 + -10. Suppose -y + j*y + 4 = 0. What are the prime factors of m(y)?
2
Let v(z) = 7*z**2 - 122. Let i(t) = 16*t**2 - t - 245. Let b(r) = -3*i(r) + 7*v(r). What are the prime factors of b(-19)?
5, 37
Let w(b) = b**3 - 15*b**2 + 20*b + 24. Suppose f = -2*c + 2*f + 25, 0 = -c + 3*f. Let d be w(c). Suppose -2*q + d = 2*q. List the prime factors of q.
3
Let t(n) = 179*n**3 + n**2 - n - 1. Let j be 2 - 1 - (-6 + 6/1). List the prime factors of t(j).
2, 89
What are the prime factors of (-135)/20 + (-25)/20 + 11505?
11497
Let u(n) = n**2 + 21*n + 25. Let t be u(-20). Suppose -t*f + 1476 = 7*f. Let d = f + -35. What are the prime factors of d?
2, 11
Suppose -2*k - 3*g = -29, 19 = 5*k - 2*g - 44. Suppose 0 = p - 2*w - 19, 3*p + 2*w + 7 - 32 = 0. Suppose -p*n + k*n - 192 = 0. List the prime factors of n.
2, 3
Suppose 6*r - 910 = r. Let v = 1483 + -1481. Suppose v*b = r + 10. List the prime factors of b.
2, 3
Let d(g) = 45 + 9*g**2 - 15*g + 33*g - 6*g - 9*g. List the prime factors of d(-6).
3, 13
Suppose 2*b - 86647 = 3*p - 11207, 37730 = b - 4*p. What are the prime factors of b?
2, 109, 173
Let z(j) = -3*j**2 - 22*j + 23. Let g be z(-16). Let s = g - -788. What are the prime factors of s?
5, 79
Let n(k) = -2*k + 6. Let u be n(2). Suppose -7*i + 10 = -2*i. What are the prime factors of 29 - i/(u/(-5))?
2, 17
Let l(h) = 25*h**2 - 3*h + 5. Let g be l(-4). Suppose 2*f + 880 = -2*f. Let u = f + g. List the prime factors of u.
197
Suppose 0 = -79*x + 795549 + 158850. List the prime factors of x.
3, 4027
Let o(u) = -14*u + 21. Let m be o(10). Let q = m + 338. Suppose 0 = 3*j - 3*w - q, -w + 4*w - 3 = 0. What are the prime factors of j?
2, 37
What are the prime factors of (-2)/13 + (-75725064)/(-4472)?
7, 41, 59
Let k(v) = -v**2 - 28*v - 36. Let h(m) = -m**3 - m**2 - 15. Let r be 3 + -4 + (3 + -4)*-1. Let l be h(r). List the prime factors of k(l).
3, 53
Suppose 33*g = 103*g - 834400. What are the prime factors of g?
2, 5, 149
Suppose 10*c + c = 319. Suppose -25*u - 4 = -c*u. List the prime factors of u/3 - (-6516)/54.
11
Suppose 10*c + 3*c + 4134 = 0. Let t = 702 + c. List the prime factors of t.
2, 3
Suppose -3*b + 1100 = -4*g, 2*g - 36 = b - 404. Suppose 10*a = 3*a + b. What are the prime factors of a?
2, 13
Let a(t) = -1346*t - 597. List the prime factors of a(-6).
3, 277
Let t be -2 - (2 + -3)/(-1). Let r be t*1/3 + 8. Suppose -314 = -r*a + 141. List the prime factors of a.
5, 13
Let x be 3130/(-15)*(-2)/(12/(-9)). Let o = 504 + x. Suppose -4*q - c = -755, -2*c - o = -q - 0*c. What are the prime factors of q?
3, 7
Suppose -12*p = 4*p - 640. Let h = -37 + p. What are the prime factors of (-184)/(-6) - ((-10)/h - -2)?
2
Let g = 14680 - -2704. List the prime factors of g.
2, 41, 53
Suppose y + n - 731 = 0, 2*y = n - 0*n + 1471. Suppose -y = -2*o - 3*p, o + 2*p - 1460 = -3*o. List the prime factors of o.
2, 7, 13
Suppose 24*p + 5*a + 6 = 21*p, -2*p + a - 4 = 0. Let h(x) be the first derivative of -x**4/4 + 4*x**3/3 + x - 1. What are the prime factors of h(p)?
5
Let d(z) = -264*z**3 - 41*z**2 + 1265*z**3 + 2*z + 38*z**2 + 2*z. List the prime factors of d(1).
2, 3, 167
Let y = 279 - 144. Suppose -2*o + o + 177 = 3*r, -5*o - y = -2*r. Suppose -16*j + r = -6*j. What are the prime factors of j?
2, 3
Suppose 51*x - 494225 = 364008 - 328088. List the prime factors of x.
3, 5, 7, 11
Let k(f) be the first derivative of -5*f**2/2 - 27*f + 5. Let t be k(-6). Suppose -4*y - 6 = -2*y, t*v = -y + 255. What are the prime factors of v?
2, 43
Suppose 0 = 6*a + 5*t - 177833, -4*t - 12285 = -a + 17349. List the prime factors of a.
2, 7, 29, 73
Let o(t) = -t**3 - 23*t**2 + 23*t - 21. Let d be o(-24). Suppose r - d = -n + 105, 0 = -4*r - n + 435. What are the prime factors of r?
109
Let i be 2*(-2)/6*(-1 - -10). Let k(w) be the first derivative of -19*w**2/2 - 15*w - 4. List the prime factors of k(i).
3, 11
Let x(r) = 9*r - 18. Let a be x(6). What are the prime factors of (-12 + 405/a)/(1/(-224))?
2, 3, 7
Let o(t) = -4*t - 28. Let k be o(-8). Suppose 60 = b - k*b. What are the prime factors of 1*(-135)/b*(-8)/(-3)?
2, 3
Let f(b) be the second derivative of -11/12*b**4 - 1/20*b**5 + 5/6*b**3 - 25/2*b**2 + 0 + 17*b. What are the prime factors of f(-12)?
59
Let n be -1 - (76/12 - -3)*138. Let h = 1955 + n. Suppose 8*r - 2*r - h = 0. List the prime factors of r.
3, 37
Suppose 3*t - 18564 - 2787 = 3*x, 0 = -3*t + 4*x + 21346. List the prime factors of t.
2, 3, 1187
Let a be 5/4 - 10/8. Suppose -8*g + 2*g + 12 = a. List the prime factors of (153/(-15))/((-145)/(-75) - g).
3, 17
Let m be 2 - 8*-5*3/(-15). What are the prime factors of ((-1378)/m)/(3 + (-17)/6)?
2, 13, 53
Suppose 64*l - 90 = 46*l. Suppose -z + 6665 = l*v, 4*v - 10*z = -5*z + 5332. List the prime factors of v.
31, 43
Let c(g) = -132*g**3 + 11*g**2 - 27*g - 129. What are the prime factors of c(-4)?
7, 1229
Suppose -161*r + 162*r = 5, 0 = -4*s - r + 239685. What are the prime factors of s?
2, 5, 7, 107
Let q be 1/(-8) - (-2695)/56. Let k be 64/q*(-18)/(-4). Suppose 965 = k*y - y. What are the prime factors of y?
193
Let j(g) = 19*g**3 + 8*g**2 - 25*g + 45. What are the prime factors of j(8)?
5, 2017
Let b be (-52)/(-91)*(-14)/(-4). Suppose -2*q = -11*k + 7*k + 2750, 2*k = b*q + 1380. List the prime factors of k.
5, 137
Let z(l) = -3*l + 27. Let i be z(16). Let y be ((-14)/i)/((-3)/9). What are the prime factors of 135 - -3*(y - -3)?
2, 3, 23
Let m(o) = o + 3. Let v = -30 - -30. Let s be m(v). What are the prime factors of (s/(-6))/((-1)/86)?
43
Let z be (-10)/(-85) + (-669)/51. Let w(k) = -k**3 - 15*k**2 - 29*k - 26. List the prime factors of w(z).
13
Let f(h) = -2*h**2 - 144*h + 43. List the prime factors of f(0).
43
Let h(m) = m